-3*i + 5*c + 183. What is the units digit of i?
6
Let a(z) = -1323*z + 1305*z - 10 + z**3 + z**2 + 3*z**2 + 2*z**2. What is the hundreds digit of a(8)?
7
Suppose 3*k - 23382 = -6*t, -k + 11694 = 64*t - 61*t. What is the tens digit of t?
0
Suppose 27*q = 10*q + 34. Suppose 9*j - 4*j = 10. Suppose j*b + p = 115, -q*b + 5*p + 63 = -b. What is the tens digit of b?
5
Suppose 99*m - 6*m - 546626 = 290746. What is the units digit of m?
4
Let a = 423 - 1078. Let u = a - -973. What is the units digit of u?
8
Suppose -12 = 4*n - 10*n. Let o(c) = 17*c**2 - 5*c**2 - 3*c + 4 - 11*c**n - 5*c. What is the hundreds digit of o(-7)?
1
Let x = 528 - 524. Suppose -3*r = 87*y - 90*y + 714, 3*y = x*r + 709. What is the tens digit of y?
4
Suppose -s + 24*s - 368 = 0. What is the units digit of (-865561)/(-1168) + (-1)/s?
1
Let x be (-3 - (3 + -1)) + 1785/7. Let i = -198 + x. What is the units digit of i?
2
Let n = 21722 - 12560. What is the tens digit of n?
6
Let d be 58/3 + 56/(-42). Suppose 23*p - h - 3670 = d*p, -5*h = -2*p + 1468. What is the units digit of p?
4
Let z = 2 + -8. Let f(w) = 369*w + 3534. Let a be f(-9). What is the units digit of a - (3/1)/(z/4)?
5
Let l(h) = -h**2 + 25*h + 27. Suppose 4 + 36 = 8*m. Suppose 5*p + 5*s - 115 = 0, m*p - 109 = s - 18. What is the units digit of l(p)?
1
Let p(g) = g**2 + g - 1. Let k(j) = j**3 + 10*j**2 - 4*j - 6. Let u(t) = k(t) - 3*p(t). Let c be u(-9). Let r = c + 215. What is the units digit of r?
3
What is the hundreds digit of 66918/114 - ((-6)/(-2) - -6)?
5
Suppose -18*n - 24*n + 197702 = -n. What is the thousands digit of n?
4
Let y = -37 + 41. Suppose -4*c = j - 19, 8 = 5*j - y*c - 111. Let v = j - -6. What is the units digit of v?
9
Let q(a) be the second derivative of -a**5/20 + 5*a**4/4 + 3*a**3 + 5*a**2/2 + 4*a - 28. Let y(b) = -3*b - 2. Let g be y(-6). What is the tens digit of q(g)?
3
What is the hundreds digit of (2580/84)/(6/714)?
6
Let u(h) = 35*h + 1. Let g = 39 - 38. Let w be 2 - (g - (-3 + 3)). What is the units digit of u(w)?
6
Let u(a) = 2*a - 123. Let d be u(36). Let c = d + 72. What is the tens digit of c?
2
Let l(y) = 269*y - 276*y - 21 - 12*y**2 + 37*y**2 - 20. What is the units digit of l(-4)?
7
Let q = 1982 + -140. What is the hundreds digit of q?
8
Let w(r) = 136 + 141 - 83 - 38*r + 55. What is the tens digit of w(-21)?
4
Suppose 5*h + 4*z + 93 = 0, 4 = -z + 2. Let u = h + 29. Let d = u - 8. What is the units digit of d?
4
Let f(o) = -o**3 - 15*o**2 + 33*o + 2. Let r be f(-17). Suppose 3 - r = 4*y. What is the units digit of 81/(-18) - 6/y - -169?
6
Suppose 0 = 3*w - y - 1, -10 = -3*w - 2*y + 6. Suppose w*u + 157 = 1017. What is the tens digit of u?
3
Let q be (-9)/6*(-2)/(-3) - -1. Suppose 2*g = 3*o - 719, q = 4*o - 14*g + 18*g - 972. What is the units digit of o?
1
Let r = 2010 - -3046. What is the hundreds digit of r?
0
Suppose -2*z + 433 + 347 = 0. Suppose -41*a + 39*a = -z. What is the tens digit of a?
9
Suppose 2*j - p = 13, 6*p = -4*j + 10*p + 36. Suppose -932 + 3184 = j*q. What is the units digit of q?
3
Let s = -2793 - -18674. What is the thousands digit of s?
5
Let a be -5*68/(-5) + 8. Let l be 759/6 + (-3)/6. Let u = l - a. What is the units digit of u?
0
Suppose -5290 = 3*i + 5*v - 14429, -4*i + 12195 = -3*v. What is the thousands digit of i?
3
Let p be (5/15)/((-897)/180 - -5). What is the tens digit of (2 - (-1235)/p) + (-15)/(-12)?
6
Suppose -4*o - 843 = 3*h, -94 = -o + 2*h - 291. Let j = 944 + o. What is the tens digit of j?
3
Suppose 9*h = 10*h + 101. Let d(a) = a**2 + 210. Let j be d(0). Let f = j + h. What is the tens digit of f?
0
Suppose -2*r + 8322 = -4*y, -3352 - 779 = -r - 4*y. What is the tens digit of r?
5
Let w = 1920 + -254. What is the tens digit of w?
6
Let a(k) = k**3 + 56*k**2 + 37*k + 438. What is the tens digit of a(-47)?
8
Suppose -378*r + 6409800 + 6610788 = 0. What is the hundreds digit of r?
4
Suppose 111*k - 109*k - 10 = 0, 4*m + k - 51105 = 0. What is the thousands digit of m?
2
Let x(h) = h**2 + 2*h - 367. Let u be (-18)/(-27)*(-1 - 218/4). What is the units digit of x(u)?
8
Let n(i) = 4*i**2 + 11*i + 10. Let w be n(-20). Suppose 0 = -56*q + 61*q - w. What is the hundreds digit of q?
2
Suppose -1001*w + 970*w = -155093. What is the thousands digit of w?
5
Let r(t) = -t**3 + 41*t**2 - 31*t + 38. Let i(s) = 2*s**3 - 82*s**2 + 63*s - 77. Let p(n) = -3*i(n) - 5*r(n). What is the hundreds digit of p(40)?
2
Suppose -7*z = -0*z - 756. Let x be (z/(-7))/(25/350). Let n = x + 408. What is the tens digit of n?
9
Let r = -8013 - -12916. What is the hundreds digit of r?
9
Let m be 56/(-10) + (-8)/20. Let c = 551 - 533. What is the tens digit of (m/c)/(((-1)/36)/1)?
1
Let a(t) = t**3 - 4*t**2 - 11*t - 2. Let l be a(6). Suppose -l*u + 948 = -384. What is the units digit of u?
3
What is the thousands digit of (-4583)/(-2)*(20 + -22)*-14?
4
Suppose 45*j + 21 = 48*j. Suppose -4*p = 3*s - 15, -4*s = -5*p + j + 4. Suppose -589 = -3*f + 5*u - u, 2*f + p*u = 404. What is the hundreds digit of f?
1
Suppose 0 = 93*z - 106*z + 143. Suppose z*r - 1769 = 684. What is the units digit of r?
3
Let t(f) = 2*f - 14. Let w(x) = x**3 - 10*x**2 + x. Let g be w(10). Let q = 21 - g. What is the units digit of t(q)?
8
Let w(i) = 7*i**2 - 11*i - 2. Suppose -37 = -4*z - 9. Let r be w(z). Suppose -8*f + r = -5*f. What is the tens digit of f?
8
Let v = -2926 + 7658. What is the units digit of v?
2
Suppose 5*x = -0*x - 2*m - 11446, 11460 = -5*x + 5*m. What is the hundreds digit of (45/(-9) - -2) + x/(-2)?
1
What is the tens digit of 6764 + (-15)/(-45)*-33?
5
What is the hundreds digit of (-70 - -1945) + 4*(-1)/2?
8
Suppose -5*c + m = 6*m - 7015, 4*c - 5*m = 5576. Let l = -991 + c. What is the units digit of l?
8
Let t = 348 + -344. Suppose 0 = d + 5*k - 956, -16*k + 3824 = t*d - 15*k. What is the hundreds digit of d?
9
Let h(q) = -5*q**2 - 219*q**3 + 431*q**3 - 7 - 9*q - 217*q**3. What is the hundreds digit of h(-3)?
1
Suppose 2*m - 5*x = 38741, 2*m + 240*x = 235*x + 38711. What is the tens digit of m?
6
Let v(x) = x**2 - 8*x - 20. Let g be v(-5). Let s = g + -40. Suppose -5*f + 1235 = 3*t, s*f + 5*t - 1225 = -0*t. What is the tens digit of f?
5
Suppose -6*l - 2308 = -7*l + 1243. What is the tens digit of l?
5
Let b = -231 - -414. Let k = b - 69. What is the tens digit of k?
1
Suppose -g = -3*b + 51147, b - 2*g = 22332 - 5283. What is the hundreds digit of b?
0
Let g be (-10)/(-45) + (-4082)/(-18). Let w = 616 - g. Let l = w - 144. What is the hundreds digit of l?
2
Let t = 254 - 100. Suppose 0*j = 2*o + 4*j - t, -o = -3*j - 97. What is the tens digit of o?
8
Suppose 3*c = 39*f - 36*f + 6672, f + 8908 = 4*c. What is the thousands digit of c?
2
Let b be (-150)/(-39) - 8/(-52). Suppose -35*y + 7285 = -b*y. What is the hundreds digit of y?
2
Let v(h) = 254*h**2 + 29*h + 422. What is the hundreds digit of v(-12)?
6
What is the hundreds digit of (-26930)/(-4)*164/410?
6
Let b be 153*(4 - 2)/2. Suppose -1062 = -3*l - b. Suppose -5*p - l = -838. What is the units digit of p?
7
Let l = 178 + -171. Let t(y) = 11*y**2 + 44*y + 6. What is the hundreds digit of t(l)?
8
Let b(t) = 800*t + 2836. What is the hundreds digit of b(7)?
4
Suppose -3*j + 9447 = 3*p, 18*j - 28327 = -9*p + 16*j. What is the units digit of p?
7
Let g = 12 + 0. Suppose 6*t + 24 = g*t. Suppose -r = t*v - 1000 + 49, -5*r = 25. What is the hundreds digit of v?
2
Let w(p) = 114*p - 18*p - 27*p - 44*p + 168. What is the hundreds digit of w(12)?
4
Let g = -982 + -9. Let s = g - -1678. What is the hundreds digit of s?
6
Suppose 0 = 2*g - 2*t - 38410, -4*g - 111*t + 76818 = -114*t. What is the ten thousands digit of g?
1
Let n = -26 + 3. Let w be -4 + (3 - (8 - 3)). Let m = w - n. What is the units digit of m?
7
Let s = -60 - -61. Let w be ((-8)/10)/(20/25 - s). Suppose a + w*y - 54 = y, -2*y + 176 = 3*a. What is the units digit of a?
0
Let a be 0 - 3166 - ((-9 - -3) + 5). Let n = -2190 - a. What is the units digit of n?
5
Let p be ((-216)/(-21) - 8/28)*1. Suppose -p*r + 10086 = -314. What is the thousands digit of r?
1
Let u(w) = 57 + 3*w**3 - 2*w**3 + 8*w - 9*w. Let t = 102 - 102. What is the tens digit of u(t)?
5
Let v = 4795 - -4843. What is the thousands digit of v?
9
Let a = -1548 + 2414. Suppose 2*q + r + 70 = a, -3*r = 0. What